{"id":1241,"date":"2020-10-26T22:25:29","date_gmt":"2020-10-26T22:25:29","guid":{"rendered":"https:\/\/5un7.fr\/?page_id=1241"},"modified":"2020-10-26T22:29:50","modified_gmt":"2020-10-26T22:29:50","slug":"tomaslacque","status":"publish","type":"page","link":"https:\/\/5un7.fr\/index.php\/tomaslacque\/","title":{"rendered":""},"content":{"rendered":"<div class=\"vce-row-container\"><div class=\"vce-row vce-row--col-gap-30 vce-row-columns--top vce-row-content--top\" id=\"el-c0796f85\" data-vce-do-apply=\"all el-c0796f85\"><div class=\"vce-row-content\" data-vce-element-content=\"true\"><div class=\"vce-col vce-col--md-auto vce-col--xs-1 vce-col--xs-last vce-col--xs-first vce-col--sm-last vce-col--sm-first vce-col--md-last vce-col--lg-last vce-col--xl-last vce-col--md-first vce-col--lg-first vce-col--xl-first\" id=\"el-aa254e05\"><div class=\"vce-col-inner\" data-vce-do-apply=\"border margin background  el-aa254e05\"><div class=\"vce-col-content\" data-vce-element-content=\"true\" data-vce-do-apply=\"padding el-aa254e05\"><div class=\"vce-text-block\"><div class=\"vce-text-block-wrapper vce\" id=\"el-59d383c5\" data-vce-do-apply=\"all el-59d383c5\"><h2 style=\"text-align: center;\"><strong style=\"margin-bottom: 0px; font-size: 18px; text-align: center;\">Tomas Lacque - 15.09.2020 \/ 04.10.2020<\/strong><\/h2><p>&nbsp;<\/p><\/div><\/div><\/div><\/div><\/div><\/div><\/div><\/div><div class=\"vce-row-container\"><div class=\"vce-row vce-row--col-gap-30 vce-row-columns--top vce-row-content--top\" id=\"el-d3a40f0e\" data-vce-do-apply=\"all el-d3a40f0e\"><div class=\"vce-row-content\" data-vce-element-content=\"true\"><div class=\"vce-col vce-col--md-auto vce-col--xs-1 vce-col--xs-last vce-col--xs-first vce-col--sm-last vce-col--sm-first vce-col--md-last vce-col--lg-last vce-col--xl-last vce-col--md-first vce-col--lg-first vce-col--xl-first\" id=\"el-1d35b160\"><div class=\"vce-col-inner\" data-vce-do-apply=\"border margin background  el-1d35b160\"><div class=\"vce-col-content\" data-vce-element-content=\"true\" data-vce-do-apply=\"padding el-1d35b160\"><div class=\"vce-single-image-container vce-single-image--align-left\"><div class=\"vce vce-single-image-wrapper\" id=\"el-d4f2d28b\" data-vce-do-apply=\"all el-d4f2d28b\"><figure><div class=\"vce-single-image-inner vce-single-image--absolute\" style=\"padding-bottom: 133.333%; width: 768px;\"><img class=\"vce-single-image\" width=\"768\" height=\"1024\"src=\"https:\/\/5un7.fr\/wp-content\/uploads\/2020\/10\/DSC_2422__01-scaled-768x1024.jpg\" srcset=\"https:\/\/5un7.fr\/wp-content\/uploads\/2020\/10\/DSC_2422__01-scaled-320x427.jpg 320w,https:\/\/5un7.fr\/wp-content\/uploads\/2020\/10\/DSC_2422__01-scaled-480x640.jpg 480w,https:\/\/5un7.fr\/wp-content\/uploads\/2020\/10\/DSC_2422__01-scaled-768x1024.jpg 768w\" data-img-src=\"https:\/\/5un7.fr\/wp-content\/uploads\/2020\/10\/DSC_2422__01-scaled.jpg\" alt=\"\" title=\"DSC_2422__01\" \/><\/div><figcaption hidden=\"\"><\/figcaption><\/figure><\/div><\/div><\/div><\/div><\/div><\/div><\/div><\/div><div class=\"vce-row-container\"><div class=\"vce-row vce-row--col-gap-30 vce-row-columns--top vce-row-content--top\" id=\"el-9acf5537\" data-vce-do-apply=\"all el-9acf5537\"><div class=\"vce-row-content\" data-vce-element-content=\"true\"><div class=\"vce-col vce-col--md-auto vce-col--xs-1 vce-col--xs-last vce-col--xs-first vce-col--sm-last vce-col--sm-first vce-col--md-last vce-col--lg-last vce-col--xl-last vce-col--md-first vce-col--lg-first vce-col--xl-first\" id=\"el-33febba4\"><div class=\"vce-col-inner\" data-vce-do-apply=\"border margin background  el-33febba4\"><div class=\"vce-col-content\" data-vce-element-content=\"true\" data-vce-do-apply=\"padding el-33febba4\"><\/div><\/div><\/div><\/div><\/div><\/div><div class=\"vce-row-container\"><div class=\"vce-row vce-row--col-gap-30 vce-row-columns--top vce-row-content--top\" id=\"el-7aad0655\" data-vce-do-apply=\"all el-7aad0655\"><div class=\"vce-row-content\" data-vce-element-content=\"true\"><div class=\"vce-col vce-col--md-auto vce-col--xs-1 vce-col--xs-last vce-col--xs-first vce-col--sm-last vce-col--sm-first vce-col--md-last vce-col--lg-last vce-col--xl-last vce-col--md-first vce-col--lg-first vce-col--xl-first\" id=\"el-8bc03b74\"><div class=\"vce-col-inner\" data-vce-do-apply=\"border margin background  el-8bc03b74\"><div class=\"vce-col-content\" data-vce-element-content=\"true\" data-vce-do-apply=\"padding el-8bc03b74\"><div class=\"vce-image-gallery vce-image-gallery--gap-10 vce-image-gallery--columns-3\"><div class=\"vce-image-gallery-wrapper vce\" id=\"el-6274d1c7\" data-vce-do-apply=\"all el-6274d1c7\"><div class=\"vce-image-gallery-list\"><div class=\"vce-image-gallery-item\"><figure class=\"vce-image-gallery-item-inner-wrapper\"><a href=\"https:\/\/5un7.fr\/wp-content\/uploads\/2020\/10\/sketch-1600091507036__01.png\" data-lightbox=\"lightbox-6274d1c7\" class=\"vce-image-gallery-item-inner\"><img decoding=\"async\" class=\"vce-image-gallery-img vce-image-gallery-img--orientation-portrait\" src=\"https:\/\/5un7.fr\/wp-content\/uploads\/2020\/10\/sketch-1600091507036__01-513x1024.png\" alt=\"\" title=\"sketch-1600091507036__01\"><\/a><\/figure><\/div><div class=\"vce-image-gallery-item\"><figure class=\"vce-image-gallery-item-inner-wrapper\"><a href=\"https:\/\/5un7.fr\/wp-content\/uploads\/2020\/10\/DSC_2421__01-scaled.jpg\" data-lightbox=\"lightbox-6274d1c7\" class=\"vce-image-gallery-item-inner\"><img decoding=\"async\" class=\"vce-image-gallery-img vce-image-gallery-img--orientation-portrait\" src=\"https:\/\/5un7.fr\/wp-content\/uploads\/2020\/10\/DSC_2421__01-768x1024.jpg\" alt=\"\" title=\"DSC_2421__01\"><\/a><\/figure><\/div><div class=\"vce-image-gallery-item\"><figure class=\"vce-image-gallery-item-inner-wrapper\"><a href=\"https:\/\/5un7.fr\/wp-content\/uploads\/2020\/10\/DSC_2419__01-scaled.jpg\" data-lightbox=\"lightbox-6274d1c7\" class=\"vce-image-gallery-item-inner\"><img decoding=\"async\" class=\"vce-image-gallery-img vce-image-gallery-img--orientation-portrait\" src=\"https:\/\/5un7.fr\/wp-content\/uploads\/2020\/10\/DSC_2419__01-768x1024.jpg\" alt=\"\" title=\"DSC_2419__01\"><\/a><\/figure><\/div><div class=\"vce-image-gallery-item\"><figure class=\"vce-image-gallery-item-inner-wrapper\"><a href=\"https:\/\/5un7.fr\/wp-content\/uploads\/2020\/10\/DSC_2417__01-scaled.jpg\" data-lightbox=\"lightbox-6274d1c7\" class=\"vce-image-gallery-item-inner\"><img decoding=\"async\" class=\"vce-image-gallery-img vce-image-gallery-img--orientation-portrait\" src=\"https:\/\/5un7.fr\/wp-content\/uploads\/2020\/10\/DSC_2417__01-768x1024.jpg\" alt=\"\" title=\"DSC_2417__01\"><\/a><\/figure><\/div><div class=\"vce-image-gallery-item\"><figure class=\"vce-image-gallery-item-inner-wrapper\"><a href=\"https:\/\/5un7.fr\/wp-content\/uploads\/2020\/10\/DSC_2413__01-scaled.jpg\" data-lightbox=\"lightbox-6274d1c7\" class=\"vce-image-gallery-item-inner\"><img decoding=\"async\" class=\"vce-image-gallery-img vce-image-gallery-img--orientation-portrait\" src=\"https:\/\/5un7.fr\/wp-content\/uploads\/2020\/10\/DSC_2413__01-768x1024.jpg\" alt=\"\" title=\"DSC_2413__01\"><\/a><\/figure><\/div><div class=\"vce-image-gallery-item\"><figure class=\"vce-image-gallery-item-inner-wrapper\"><a href=\"https:\/\/5un7.fr\/wp-content\/uploads\/2020\/10\/DSC_2410__01-scaled.jpg\" data-lightbox=\"lightbox-6274d1c7\" class=\"vce-image-gallery-item-inner\"><img decoding=\"async\" class=\"vce-image-gallery-img vce-image-gallery-img--orientation-portrait\" src=\"https:\/\/5un7.fr\/wp-content\/uploads\/2020\/10\/DSC_2410__01-768x1024.jpg\" alt=\"\" title=\"DSC_2410__01\"><\/a><\/figure><\/div><\/div><\/div><\/div><\/div><\/div><\/div><\/div><\/div><\/div><div class=\"vce-row-container\"><div class=\"vce-row vce-row--col-gap-30 vce-row-columns--top vce-row-content--top\" id=\"el-855cdc98\" data-vce-do-apply=\"all el-855cdc98\"><div class=\"vce-row-content\" data-vce-element-content=\"true\"><div class=\"vce-col vce-col--md-auto vce-col--xs-1 vce-col--xs-last vce-col--xs-first vce-col--sm-last vce-col--sm-first vce-col--md-last vce-col--lg-last vce-col--xl-last vce-col--md-first vce-col--lg-first vce-col--xl-first\" id=\"el-16c25b8d\"><div class=\"vce-col-inner\" data-vce-do-apply=\"border margin background  el-16c25b8d\"><div class=\"vce-col-content\" data-vce-element-content=\"true\" data-vce-do-apply=\"padding el-16c25b8d\"><div class=\"vce vce-separator-container vce-separator--align-center vce-separator--style-solid\" id=\"el-0074b7f6\" data-vce-do-apply=\"margin el-0074b7f6\"><div class=\"vce-separator vce-separator--color-bfc0c1 vce-separator--width-60 vce-separator--thickness-1\" data-vce-do-apply=\"border padding background  el-0074b7f6\"><\/div><\/div><\/div><\/div><\/div><\/div><\/div><\/div><div class=\"vce-row-container\"><div class=\"vce-row vce-row--col-gap-30 vce-row-columns--top vce-row-content--top\" id=\"el-24444264\" data-vce-do-apply=\"all el-24444264\"><div class=\"vce-row-content\" data-vce-element-content=\"true\"><div class=\"vce-col vce-col--md-auto vce-col--xs-1 vce-col--xs-last vce-col--xs-first vce-col--sm-last vce-col--sm-first vce-col--md-last vce-col--lg-last vce-col--xl-last vce-col--md-first vce-col--lg-first vce-col--xl-first\" id=\"el-3ba4c514\"><div class=\"vce-col-inner\" data-vce-do-apply=\"border margin background  el-3ba4c514\"><div class=\"vce-col-content\" data-vce-element-content=\"true\" data-vce-do-apply=\"padding el-3ba4c514\"><div class=\"vce-text-block\"><div class=\"vce-text-block-wrapper vce\" id=\"el-a8bab167\" data-vce-do-apply=\"all el-a8bab167\"><\/div><\/div><div class=\"vce-text-block\"><div class=\"vce-text-block-wrapper vce\" id=\"el-4ffe19d7\" data-vce-do-apply=\"all el-4ffe19d7\"><div dir=\"auto\"><span style=\"font-family: arial, helvetica, sans-serif;\">Tomas Lacque @ 5UN7 Bx.&nbsp; 15.09 au 04.10. 2020.<\/span><\/div>\r\n<div dir=\"auto\">&nbsp;<\/div>\r\n<div dir=\"auto\"><span style=\"font-family: arial, helvetica, sans-serif;\">VERNISSAGE 15.09.2020&nbsp; \/\/\/\/&nbsp; 19H30 _ 23H00<\/span><\/div>\r\n<div dir=\"auto\">&nbsp;<\/div>\r\n<div dir=\"auto\">&nbsp;<\/div>\r\n<div dir=\"auto\"><span style=\"font-family: arial, helvetica, sans-serif;\">En Simplifiant \u00e0 l'extreme les gestes issus du graffiti, Tomas Lacque fait \u00e9voluer cette discipline populaire&nbsp; par ses formes tridimensionnelles \u00e0 la fronti\u00e8re du design exp\u00e9rimental des ann\u00e9es 80 (Memphis), de la sculpture minimale (Morris, Matta Clarck) et du Shaped Canvas (Frank Stella).<\/span><\/div>\r\n<div dir=\"auto\">&nbsp;<\/div>\r\n<div dir=\"auto\"><span style=\"font-family: arial, helvetica, sans-serif;\">Le tag et\/ou graff comme on le nomme selon le format de l'\u0153uvre, est sublim\u00e9 dans un geste minimaliste, un geste chor\u00e9graphique essentiel et r\u00e9f\u00e9renc\u00e9, en discussion&nbsp; avec l'histoire de la peinture et son objet, le tableau.<\/span><\/div>\r\n<div dir=\"auto\">&nbsp;<\/div>\r\n<div dir=\"auto\"><span style=\"font-family: arial, helvetica, sans-serif;\">Comme dans un croquis d'intention le trait est simplifi\u00e9, voire caricatural. Un griffonnage informel dont il est difficile d'imaginer qu'il symbolise au d\u00e9part quelque chose de precis ; une place, un tableau, un espace, un objet, une image...<\/span><\/div>\r\n<div dir=\"auto\">&nbsp;<\/div>\r\n<div dir=\"auto\"><span style=\"font-family: arial, helvetica, sans-serif;\">C' est donc l'ultime mat\u00e9rialisation d'une pens\u00e9e, d'une ligne, d'une couleur, d'une temporalit\u00e9, d'une physicalit\u00e9, dont chaque \u0153uvre porte le nom ou le code RAL de sa teinte.<\/span><\/div>\r\n<div dir=\"auto\">&nbsp;<\/div>\r\n<div dir=\"auto\"><span style=\"font-family: arial, helvetica, sans-serif;\">Ce qui compte pour Tomas au-del\u00e0 de la d\u00e9mat\u00e9rialisation du sujet, c'est le rapport que ses pi\u00e8ces entretiennent avec l'espace qui lui est donn\u00e9, ou de mani\u00e8re plus radicale celui qu'il s'octroie.<\/span><\/div>\r\n<div dir=\"auto\">&nbsp;<\/div>\r\n<div dir=\"auto\"><span style=\"font-family: arial, helvetica, sans-serif;\">Somme toute il r\u00e9alise l' hybridation parfaite de ses origines li\u00e9es au \"Street Art\" et celles plus \u00e9tablies du monde \"L'art Contemporain\" dans lequel il repr\u00e9sente avec brio la posture de l'artiste ind\u00e9pendant.<\/span><\/div>\r\n<div dir=\"auto\">&nbsp;<\/div>\r\n<div dir=\"auto\"><span style=\"font-family: arial, helvetica, sans-serif;\">Marc Henri Garcia, 2020.<\/span><\/div><\/div><\/div><\/div><\/div><\/div><\/div><\/div><\/div>\n","protected":false},"excerpt":{"rendered":"<p>Tomas Lacque &#8211; 15.09.2020 \/ 04.10.2020&nbsp;Tomas Lacque @ 5UN7 Bx.&nbsp; 15.09 au 04.10. 2020. &nbsp; VERNISSAGE 15.09.2020&nbsp; \/\/\/\/&nbsp; 19H30 _ 23H00 &nbsp; &nbsp; En Simplifiant \u00e0 l&rsquo;extreme les&#8230;<\/p>\n","protected":false},"author":1,"featured_media":0,"parent":0,"menu_order":0,"comment_status":"closed","ping_status":"closed","template":"","meta":{"footnotes":""},"class_list":["post-1241","page","type-page","status-publish","hentry"],"_links":{"self":[{"href":"https:\/\/5un7.fr\/index.php\/wp-json\/wp\/v2\/pages\/1241","targetHints":{"allow":["GET"]}}],"collection":[{"href":"https:\/\/5un7.fr\/index.php\/wp-json\/wp\/v2\/pages"}],"about":[{"href":"https:\/\/5un7.fr\/index.php\/wp-json\/wp\/v2\/types\/page"}],"author":[{"embeddable":true,"href":"https:\/\/5un7.fr\/index.php\/wp-json\/wp\/v2\/users\/1"}],"replies":[{"embeddable":true,"href":"https:\/\/5un7.fr\/index.php\/wp-json\/wp\/v2\/comments?post=1241"}],"version-history":[{"count":2,"href":"https:\/\/5un7.fr\/index.php\/wp-json\/wp\/v2\/pages\/1241\/revisions"}],"predecessor-version":[{"id":1243,"href":"https:\/\/5un7.fr\/index.php\/wp-json\/wp\/v2\/pages\/1241\/revisions\/1243"}],"wp:attachment":[{"href":"https:\/\/5un7.fr\/index.php\/wp-json\/wp\/v2\/media?parent=1241"}],"curies":[{"name":"wp","href":"https:\/\/api.w.org\/{rel}","templated":true}]}}