{"id":1385,"date":"2021-11-19T17:25:54","date_gmt":"2021-11-19T17:25:54","guid":{"rendered":"https:\/\/5un7.fr\/?page_id=1385"},"modified":"2022-03-18T11:23:51","modified_gmt":"2022-03-18T11:23:51","slug":"le-dernier-jour-du-cambrien","status":"publish","type":"page","link":"https:\/\/5un7.fr\/index.php\/le-dernier-jour-du-cambrien\/","title":{"rendered":""},"content":{"rendered":"<div class=\"vce-row-container\" data-vce-boxed-width=\"true\"><div class=\"vce-row vce-row--col-gap-30 vce-row-equal-height vce-row-content--top\" id=\"el-75b6ccf9\" data-vce-do-apply=\"all el-75b6ccf9\"><div class=\"vce-row-content\" data-vce-element-content=\"true\"><div class=\"vce-col vce-col--md-auto vce-col--xs-1 vce-col--xs-last vce-col--xs-first vce-col--sm-last vce-col--sm-first vce-col--md-last vce-col--lg-last vce-col--xl-last vce-col--md-first vce-col--lg-first vce-col--xl-first\" id=\"el-b80b8b95\"><div class=\"vce-col-inner\" data-vce-do-apply=\"border margin background  el-b80b8b95\"><div class=\"vce-col-content\" data-vce-element-content=\"true\" data-vce-do-apply=\"padding el-b80b8b95\"><div class=\"vce-text-block\"><div class=\"vce-text-block-wrapper vce\" id=\"el-c26a4323\" data-vce-do-apply=\"all el-c26a4323\"><p style=\"text-align: center;\"><strong>Le dernier jour du Cambrien - 22.10.2021 \/ 28.11.2021<\/strong><\/p>\n<p style=\"text-align: center;\">&nbsp;<\/p><\/div><\/div><\/div><\/div><\/div><\/div><\/div><\/div><div class=\"vce-row-container\" data-vce-boxed-width=\"true\"><div class=\"vce-row vce-row--col-gap-30 vce-row-equal-height vce-row-content--top\" id=\"el-36b9c6f6\" data-vce-do-apply=\"all el-36b9c6f6\"><div class=\"vce-row-content\" data-vce-element-content=\"true\"><div class=\"vce-col vce-col--md-auto vce-col--xs-1 vce-col--xs-last vce-col--xs-first vce-col--sm-last vce-col--sm-first vce-col--md-last vce-col--lg-last vce-col--xl-last vce-col--md-first vce-col--lg-first vce-col--xl-first\" id=\"el-cedbdbd3\"><div class=\"vce-col-inner\" data-vce-do-apply=\"border margin background  el-cedbdbd3\"><div class=\"vce-col-content\" data-vce-element-content=\"true\" data-vce-do-apply=\"padding el-cedbdbd3\"><div class=\"vce-single-image-container vce-single-image--align-left\"><div class=\"vce vce-single-image-wrapper\" id=\"el-645ec31d\" data-vce-do-apply=\"all el-645ec31d\"><figure><div class=\"vce-single-image-figure-inner\" style=\"width: 1024px;\"><div class=\"vce-single-image-inner vce-single-image--absolute\" style=\"width: 100%; padding-bottom: 75%;\"><img loading=\"lazy\" decoding=\"async\" class=\"vce-single-image\"  width=\"1024\" height=\"768\" srcset=\"https:\/\/5un7.fr\/wp-content\/uploads\/2022\/03\/DSC01741-2-scaled-320x240.jpg 320w,https:\/\/5un7.fr\/wp-content\/uploads\/2022\/03\/DSC01741-2-scaled-480x360.jpg 480w,https:\/\/5un7.fr\/wp-content\/uploads\/2022\/03\/DSC01741-2-scaled-800x600.jpg 800w,https:\/\/5un7.fr\/wp-content\/uploads\/2022\/03\/DSC01741-2-scaled-1024x768.jpg 1024w,https:\/\/5un7.fr\/wp-content\/uploads\/2022\/03\/DSC01741-2-scaled-2048x1536.jpg 2x\" src=\"https:\/\/5un7.fr\/wp-content\/uploads\/2022\/03\/DSC01741-2-scaled-1024x768.jpg\" data-img-src=\"https:\/\/5un7.fr\/wp-content\/uploads\/2021\/11\/DSC01741-2-scaled.jpg\" alt=\"\" title=\"DSC01741 (2)\" \/><\/div><\/div><figcaption hidden=\"\"><\/figcaption><\/figure><\/div><\/div><\/div><\/div><\/div><\/div><\/div><\/div><div class=\"vce-row-container\" data-vce-boxed-width=\"true\"><div class=\"vce-row vce-row--col-gap-30 vce-row-equal-height vce-row-content--top\" id=\"el-46610a2e\" data-vce-do-apply=\"all el-46610a2e\"><div class=\"vce-row-content\" data-vce-element-content=\"true\"><div class=\"vce-col vce-col--md-auto vce-col--xs-1 vce-col--xs-last vce-col--xs-first vce-col--sm-last vce-col--sm-first vce-col--md-last vce-col--lg-last vce-col--xl-last vce-col--md-first vce-col--lg-first vce-col--xl-first\" id=\"el-56564697\"><div class=\"vce-col-inner\" data-vce-do-apply=\"border margin background  el-56564697\"><div class=\"vce-col-content\" data-vce-element-content=\"true\" data-vce-do-apply=\"padding el-56564697\"><div><\/div><\/div><\/div><\/div><\/div><\/div><\/div><div class=\"vce-row-container\" data-vce-boxed-width=\"true\"><div class=\"vce-row vce-row--col-gap-30 vce-row-equal-height vce-row-content--top\" id=\"el-fa046116\" data-vce-do-apply=\"all el-fa046116\"><div class=\"vce-row-content\" data-vce-element-content=\"true\"><div class=\"vce-col vce-col--md-auto vce-col--xs-1 vce-col--xs-last vce-col--xs-first vce-col--sm-last vce-col--sm-first vce-col--md-last vce-col--lg-last vce-col--xl-last vce-col--md-first vce-col--lg-first vce-col--xl-first\" id=\"el-7d229091\"><div class=\"vce-col-inner\" data-vce-do-apply=\"border margin background  el-7d229091\"><div class=\"vce-col-content\" data-vce-element-content=\"true\" data-vce-do-apply=\"padding el-7d229091\"><div class=\"vce-image-gallery vce-image-gallery--gap-10 vce-image-gallery--columns-3\"><div class=\"vce-image-gallery-wrapper vce\" id=\"el-39f7243a\" data-vce-do-apply=\"all el-39f7243a\"><div class=\"vce-image-gallery-list\"><div class=\"vce-image-gallery-item\"><figure class=\"vce-image-gallery-item-inner-wrapper\"><a href=\"https:\/\/5un7.fr\/wp-content\/uploads\/2021\/11\/DSC2309-scaled.jpg\" data-lightbox=\"lightbox-39f7243a\" class=\"vce-image-gallery-item-inner\"><img decoding=\"async\" class=\"vce-image-gallery-img\" src=\"https:\/\/5un7.fr\/wp-content\/uploads\/2021\/11\/DSC2309-1024x683.jpg\" alt=\"\" title=\"_DSC2309\"><\/a><\/figure><\/div><div class=\"vce-image-gallery-item\"><figure class=\"vce-image-gallery-item-inner-wrapper\"><a href=\"https:\/\/5un7.fr\/wp-content\/uploads\/2021\/11\/DSC1248-scaled.jpg\" data-lightbox=\"lightbox-39f7243a\" class=\"vce-image-gallery-item-inner\"><img decoding=\"async\" class=\"vce-image-gallery-img\" src=\"https:\/\/5un7.fr\/wp-content\/uploads\/2021\/11\/DSC1248-1024x683.jpg\" alt=\"\" title=\"_DSC1248\"><\/a><\/figure><\/div><div class=\"vce-image-gallery-item\"><figure class=\"vce-image-gallery-item-inner-wrapper\"><a href=\"https:\/\/5un7.fr\/wp-content\/uploads\/2021\/11\/DSC01747-2-scaled.jpg\" data-lightbox=\"lightbox-39f7243a\" class=\"vce-image-gallery-item-inner\"><img decoding=\"async\" class=\"vce-image-gallery-img\" src=\"https:\/\/5un7.fr\/wp-content\/uploads\/2021\/11\/DSC01747-2-1024x768.jpg\" alt=\"\" title=\"DSC01747 (2)\"><\/a><\/figure><\/div><div class=\"vce-image-gallery-item\"><figure class=\"vce-image-gallery-item-inner-wrapper\"><a href=\"https:\/\/5un7.fr\/wp-content\/uploads\/2021\/11\/DSC1281-scaled.jpg\" data-lightbox=\"lightbox-39f7243a\" class=\"vce-image-gallery-item-inner\"><img decoding=\"async\" class=\"vce-image-gallery-img\" src=\"https:\/\/5un7.fr\/wp-content\/uploads\/2021\/11\/DSC1281-1024x683.jpg\" alt=\"\" title=\"_DSC1281\"><\/a><\/figure><\/div><div class=\"vce-image-gallery-item\"><figure class=\"vce-image-gallery-item-inner-wrapper\"><a href=\"https:\/\/5un7.fr\/wp-content\/uploads\/2021\/11\/DSC1302-scaled.jpg\" data-lightbox=\"lightbox-39f7243a\" class=\"vce-image-gallery-item-inner\"><img decoding=\"async\" class=\"vce-image-gallery-img\" src=\"https:\/\/5un7.fr\/wp-content\/uploads\/2021\/11\/DSC1302-1024x683.jpg\" alt=\"\" title=\"_DSC1302\"><\/a><\/figure><\/div><div class=\"vce-image-gallery-item\"><figure class=\"vce-image-gallery-item-inner-wrapper\"><a href=\"https:\/\/5un7.fr\/wp-content\/uploads\/2021\/11\/DSC1240-scaled.jpg\" data-lightbox=\"lightbox-39f7243a\" class=\"vce-image-gallery-item-inner\"><img decoding=\"async\" class=\"vce-image-gallery-img\" src=\"https:\/\/5un7.fr\/wp-content\/uploads\/2021\/11\/DSC1240-1024x683.jpg\" alt=\"\" title=\"_DSC1240\"><\/a><\/figure><\/div><div class=\"vce-image-gallery-item\"><figure class=\"vce-image-gallery-item-inner-wrapper\"><a href=\"https:\/\/5un7.fr\/wp-content\/uploads\/2021\/11\/DSC1233-scaled.jpg\" data-lightbox=\"lightbox-39f7243a\" class=\"vce-image-gallery-item-inner\"><img decoding=\"async\" class=\"vce-image-gallery-img\" src=\"https:\/\/5un7.fr\/wp-content\/uploads\/2021\/11\/DSC1233-1024x683.jpg\" alt=\"\" title=\"_DSC1233\"><\/a><\/figure><\/div><\/div><\/div><\/div><\/div><\/div><\/div><\/div><\/div><\/div><div class=\"vce-row-container\" data-vce-boxed-width=\"true\"><div class=\"vce-row vce-row--col-gap-30 vce-row-equal-height vce-row-content--top\" id=\"el-3a0a90a5\" data-vce-do-apply=\"all el-3a0a90a5\"><div class=\"vce-row-content\" data-vce-element-content=\"true\"><div class=\"vce-col vce-col--md-auto vce-col--xs-1 vce-col--xs-last vce-col--xs-first vce-col--sm-last vce-col--sm-first vce-col--md-last vce-col--lg-last vce-col--xl-last vce-col--md-first vce-col--lg-first vce-col--xl-first\" id=\"el-487d4d54\"><div class=\"vce-col-inner\" data-vce-do-apply=\"border margin background  el-487d4d54\"><div class=\"vce-col-content\" data-vce-element-content=\"true\" data-vce-do-apply=\"padding el-487d4d54\"><div class=\"vce vce-separator-container vce-separator--align-center vce-separator--style-solid\" id=\"el-5b3ddbdf\" data-vce-do-apply=\"margin el-5b3ddbdf\"><div class=\"vce-separator vce-separator--color-bfc0c1 vce-separator--width-60 vce-separator--thickness-1\" data-vce-do-apply=\"border padding background  el-5b3ddbdf\"><\/div><\/div><\/div><\/div><\/div><\/div><\/div><\/div><div class=\"vce-row-container\" data-vce-boxed-width=\"true\"><div class=\"vce-row vce-row--col-gap-30 vce-row-equal-height vce-row-content--top\" id=\"el-d65cbeeb\" data-vce-do-apply=\"all el-d65cbeeb\"><div class=\"vce-row-content\" data-vce-element-content=\"true\"><div class=\"vce-col vce-col--md-auto vce-col--xs-1 vce-col--xs-last vce-col--xs-first vce-col--sm-last vce-col--sm-first vce-col--md-last vce-col--lg-last vce-col--xl-last vce-col--md-first vce-col--lg-first vce-col--xl-first\" id=\"el-39b66098\"><div class=\"vce-col-inner\" data-vce-do-apply=\"border margin background  el-39b66098\"><div class=\"vce-col-content\" data-vce-element-content=\"true\" data-vce-do-apply=\"padding el-39b66098\"><div class=\"vce-text-block\"><div class=\"vce-text-block-wrapper vce\" id=\"el-bc0b7b0d\" data-vce-do-apply=\"all el-bc0b7b0d\"><p class=\"p1\"><span class=\"s1\">Le dernier jour du Cambrien - 22 octobre au 28 novembre 2021<\/span><\/p>\n<p class=\"p1\">Le concept de machine Learning date du milieu du 20\u00e8me si\u00e8cle. Dans les ann\u00e9es 1950, le math\u00e9maticien britanique Alan Turing imagine une machine capable d\u2019apprendre, une \u201cLearning Machine.\u201d Au cours des d\u00e9cennies suivantes, diff\u00e9rentes techniques de Machine Learning ont \u00e9t\u00e9 d\u00e9velopp\u00e9es pour cr\u00e9er des algorithmes capables d\u2019apprendre et de s\u2019am\u00e9liorer de mani\u00e8re autonome. Parmi ces techniques, on compte les r\u00e9seaux de neurones artificiels. C\u2019est sur ces algorithmes que reposent le Deep Learning, mais aussi des technologies comme la reconnaissance d\u2019images ou la vision robotique.<\/p>\n<p class=\"p1\">Les r\u00e9seaux de neurones artificiels sont inspir\u00e9s par les r\u00e9seaux de neurones du cerveau humain. Ils sont constitu\u00e9s de plusieurs neurones artificiels connect\u00e9s entre eux. Plus, le nombre est \u00e9lev\u00e9, plus le r\u00e9seau est \u201cprofond \u201c.<\/p>\n<p class=\"p1\">L\u2019exposition \u201cLe dernier jour du Cambrien\u201d dont le titre quelque peu farfelu pour les non-scientifiques, \u00e9voque pour Xiyue et Xing l\u2019\u00e9mergence de la cyber-r\u00e9flexion, par le biais du Deep-Learning. Pour eux, l\u2019av\u00e8nement de cette Technologie biomim\u00e9tique marquera peut-\u00eatre enfin la fin de la p\u00e9riode du pal\u00e9ozo\u00efque inf\u00e9rieur, aux limites et aux subdivisions encore incertaines, que les pal\u00e9ontologues nomment Cambrien.<\/p>\n<p class=\"p1\">Car le Cambrien, comme chacun sait, est reconnu pour voir apparaitre chez les \u00eatres vivants non-v\u00e9g\u00e9taux un organe que l\u2019ensemble des animaux poss\u00e8dent: L\u2019\u0153il.<\/p>\n<p class=\"p1\">Xiyue Hu et Xing Xiao, couple fort sympathique au demeurant, multiplient les cyber- experiences chelou(es). Dans la vie comme dans leurs pratiques, ils apprennent \u00e0 leurs machines \u00e0 op\u00e9rer des choix artistiques ou m\u00eame encore \u00e0 produire des oeuvres \u00e0 leur place!<\/p>\n<p class=\"p1\">On pourrait presque soup\u00e7onner qu\u2019ils ne soient plus que les ex\u00e9cutants d\u2019un programme singulier biberonn\u00e9 par les Data-icones de jeunes artistes fra\u00eechement dipl\u00f4m\u00e9s des Beaux-Arts et leur bande de potes Geek de la Fac Math-Meca! L\u2019algorithme qu\u2019ils nourrissent est issu de la r\u00e9flexion des chercheurs du GAN (Generative Adversial Network), il simule des images, parfois organiques, parfois m\u00e9lancoliques, et m\u00eame parfois un peu grotesques en proc\u00e9dant \u00e0 un morphing al\u00e9atoire et permanent des bases de donn\u00e9es que les op\u00e9rateurs lui fournissent. Puis la production de ce premier algorithme est soumise au contr\u00f4le d\u2019un second, qui lui est charg\u00e9 de verifier que la cr\u00e9ativit\u00e9 ainsi produite respecte bien les param\u00e8tres d\u00e9finis au pr\u00e9alable.<\/p>\n<p class=\"p1\">Les oeuvres synth\u00e9tiques ainsi g\u00e9n\u00e9r\u00e9es sont e-romantiques, ou e-politiques, et e-engag\u00e9es, ou presque na\u00efvement e-naturalistes. Toutes ces e-art-productions, sont autant de postures (ou impostures) que l\u2019ordinateur g\u00e9n\u00e8re apr\u00e8s quelques heures ou jours de calcul. Les images d\u2019oeuvres d\u2019art s\u2019inventent alors sous nos yeux compulsifs. La m\u00e9moire des artistes et de leur communaut\u00e9, leurs sentiments, leurs peurs, leurs d\u00e9sirs, sont compil\u00e9s sous forme De Data-miammiam, de nourriture pour Meca neurones! Il ne reste alors que le dernier choix! Celui que la machine n\u2019arrive pas encore \u00e0 faire seule, le dispositive, l\u2019install, le choix de la mise en sc\u00e8ne qu\u2019\u00e9nonce Giorgio Agamben dans son \u00e9ssai.<\/p>\n<p class=\"p1\">Qu\u2019est-ce qu\u2019un dispositif?<\/p>\n<p class=\"p1\">Quelle strat\u00e9gie devons-nous adopter dans le corps \u00e0 corps quotidien qui nous lie aux technologies<\/p>\n<p class=\"p1\">Marc-Henri GARCIA<\/p><\/div><\/div><\/div><\/div><\/div><\/div><\/div><\/div><div class=\"vce-row-container\" data-vce-boxed-width=\"true\"><div class=\"vce-row vce-row--col-gap-30 vce-row-equal-height vce-row-content--top\" id=\"el-d7171ed7\" data-vce-do-apply=\"all el-d7171ed7\"><div class=\"vce-row-content\" data-vce-element-content=\"true\"><div class=\"vce-col vce-col--md-auto vce-col--xs-1 vce-col--xs-last vce-col--xs-first vce-col--sm-last vce-col--sm-first vce-col--md-last vce-col--lg-last vce-col--xl-last vce-col--md-first vce-col--lg-first vce-col--xl-first\" id=\"el-575b75ed\"><div class=\"vce-col-inner\" data-vce-do-apply=\"border margin background  el-575b75ed\"><div class=\"vce-col-content\" data-vce-element-content=\"true\" data-vce-do-apply=\"padding el-575b75ed\"><div><\/div><\/div><\/div><\/div><\/div><\/div><\/div>","protected":false},"excerpt":{"rendered":"","protected":false},"author":1,"featured_media":0,"parent":0,"menu_order":0,"comment_status":"closed","ping_status":"closed","template":"","meta":{"footnotes":""},"class_list":["post-1385","page","type-page","status-publish","hentry"],"_links":{"self":[{"href":"https:\/\/5un7.fr\/index.php\/wp-json\/wp\/v2\/pages\/1385","targetHints":{"allow":["GET"]}}],"collection":[{"href":"https:\/\/5un7.fr\/index.php\/wp-json\/wp\/v2\/pages"}],"about":[{"href":"https:\/\/5un7.fr\/index.php\/wp-json\/wp\/v2\/types\/page"}],"author":[{"embeddable":true,"href":"https:\/\/5un7.fr\/index.php\/wp-json\/wp\/v2\/users\/1"}],"replies":[{"embeddable":true,"href":"https:\/\/5un7.fr\/index.php\/wp-json\/wp\/v2\/comments?post=1385"}],"version-history":[{"count":5,"href":"https:\/\/5un7.fr\/index.php\/wp-json\/wp\/v2\/pages\/1385\/revisions"}],"predecessor-version":[{"id":1480,"href":"https:\/\/5un7.fr\/index.php\/wp-json\/wp\/v2\/pages\/1385\/revisions\/1480"}],"wp:attachment":[{"href":"https:\/\/5un7.fr\/index.php\/wp-json\/wp\/v2\/media?parent=1385"}],"curies":[{"name":"wp","href":"https:\/\/api.w.org\/{rel}","templated":true}]}}