{"id":226,"date":"2020-02-13T13:32:07","date_gmt":"2020-02-13T13:32:07","guid":{"rendered":"https:\/\/5un7.fr\/?page_id=226"},"modified":"2020-03-04T09:16:13","modified_gmt":"2020-03-04T09:16:13","slug":"solaris","status":"publish","type":"page","link":"https:\/\/5un7.fr\/index.php\/solaris\/","title":{"rendered":""},"content":{"rendered":"<div class=\"vce-row-container\"><div class=\"vce-row vce-row--col-gap-30 vce-row-columns--top vce-row-content--top\" id=\"el-cb662afc\" data-vce-do-apply=\"all el-cb662afc\"><div class=\"vce-row-content\" data-vce-element-content=\"true\"><div class=\"vce-col\" id=\"el-f02a8a2c\"><div class=\"vce-col-inner\" data-vce-do-apply=\"border margin background  el-f02a8a2c\"><div class=\"vce-col-content\" data-vce-element-content=\"true\" data-vce-do-apply=\"padding el-f02a8a2c\"><div class=\"vce-text-block\"><div class=\"vce-text-block-wrapper vce\" id=\"el-a88683cf\" data-vce-do-apply=\"all el-a88683cf\"><p style=\"text-align: center;\"><strong><span style=\"font-family: arial, helvetica, sans-serif;\">S 0 L A R 1 S<\/span> - Kevin Barois \/ Vincent Sarda - 05.04.19 \/ 05.05.19<\/strong><\/p>\n<p style=\"text-align: center;\"><strong>&nbsp;<\/strong><\/p><\/div><\/div><div class=\"vce-image-gallery vce-image-gallery--gap-10 vce-image-gallery--columns-3\"><div class=\"vce-image-gallery-wrapper vce\" id=\"el-a42f7b22\" data-vce-do-apply=\"all el-a42f7b22\"><div class=\"vce-image-gallery-list\"><div class=\"vce-image-gallery-item\"><figure class=\"vce-image-gallery-item-inner-wrapper\"><a href=\"https:\/\/5un7.fr\/wp-content\/uploads\/2020\/02\/barois_sarda_1_5un7-1.jpg\" data-lightbox=\"lightbox-a42f7b22\" class=\"vce-image-gallery-item-inner\"><img decoding=\"async\" class=\"vce-image-gallery-img\" src=\"https:\/\/5un7.fr\/wp-content\/uploads\/2020\/02\/barois_sarda_1_5un7-1.jpg\" alt=\"\" title=\"barois_sarda_1_5un7\"><\/a><\/figure><\/div><div class=\"vce-image-gallery-item\"><figure class=\"vce-image-gallery-item-inner-wrapper\"><a href=\"https:\/\/5un7.fr\/wp-content\/uploads\/2020\/02\/solaris_1-1.jpg\" data-lightbox=\"lightbox-a42f7b22\" class=\"vce-image-gallery-item-inner\"><img decoding=\"async\" class=\"vce-image-gallery-img\" src=\"https:\/\/5un7.fr\/wp-content\/uploads\/2020\/02\/solaris_1-1.jpg\" alt=\"\" title=\"solaris_1\"><\/a><\/figure><\/div><div class=\"vce-image-gallery-item\"><figure class=\"vce-image-gallery-item-inner-wrapper\"><a href=\"https:\/\/5un7.fr\/wp-content\/uploads\/2020\/02\/solaris_2.jpg\" data-lightbox=\"lightbox-a42f7b22\" class=\"vce-image-gallery-item-inner\"><img decoding=\"async\" class=\"vce-image-gallery-img\" src=\"https:\/\/5un7.fr\/wp-content\/uploads\/2020\/02\/solaris_2.jpg\" alt=\"\" title=\"solaris_2\"><\/a><\/figure><\/div><div class=\"vce-image-gallery-item\"><figure class=\"vce-image-gallery-item-inner-wrapper\"><a href=\"https:\/\/5un7.fr\/wp-content\/uploads\/2020\/02\/solaris_3.jpg\" data-lightbox=\"lightbox-a42f7b22\" class=\"vce-image-gallery-item-inner\"><img decoding=\"async\" class=\"vce-image-gallery-img\" src=\"https:\/\/5un7.fr\/wp-content\/uploads\/2020\/02\/solaris_3.jpg\" alt=\"\" title=\"solaris_3\"><\/a><\/figure><\/div><div class=\"vce-image-gallery-item\"><figure class=\"vce-image-gallery-item-inner-wrapper\"><a href=\"https:\/\/5un7.fr\/wp-content\/uploads\/2020\/02\/solaris_4.jpg\" data-lightbox=\"lightbox-a42f7b22\" class=\"vce-image-gallery-item-inner\"><img decoding=\"async\" class=\"vce-image-gallery-img\" src=\"https:\/\/5un7.fr\/wp-content\/uploads\/2020\/02\/solaris_4.jpg\" alt=\"\" title=\"solaris_4\"><\/a><\/figure><\/div><div class=\"vce-image-gallery-item\"><figure class=\"vce-image-gallery-item-inner-wrapper\"><a href=\"https:\/\/5un7.fr\/wp-content\/uploads\/2020\/02\/solaris_5.jpg\" data-lightbox=\"lightbox-a42f7b22\" class=\"vce-image-gallery-item-inner\"><img decoding=\"async\" class=\"vce-image-gallery-img vce-image-gallery-img--orientation-portrait\" src=\"https:\/\/5un7.fr\/wp-content\/uploads\/2020\/02\/solaris_5.jpg\" alt=\"\" title=\"solaris_5\"><\/a><\/figure><\/div><div class=\"vce-image-gallery-item\"><figure class=\"vce-image-gallery-item-inner-wrapper\"><a href=\"https:\/\/5un7.fr\/wp-content\/uploads\/2020\/02\/solaris_6.jpg\" data-lightbox=\"lightbox-a42f7b22\" class=\"vce-image-gallery-item-inner\"><img decoding=\"async\" class=\"vce-image-gallery-img\" src=\"https:\/\/5un7.fr\/wp-content\/uploads\/2020\/02\/solaris_6.jpg\" alt=\"\" title=\"solaris_6\"><\/a><\/figure><\/div><div class=\"vce-image-gallery-item\"><figure class=\"vce-image-gallery-item-inner-wrapper\"><a href=\"https:\/\/5un7.fr\/wp-content\/uploads\/2020\/02\/solaris_7.jpg\" data-lightbox=\"lightbox-a42f7b22\" class=\"vce-image-gallery-item-inner\"><img decoding=\"async\" class=\"vce-image-gallery-img\" src=\"https:\/\/5un7.fr\/wp-content\/uploads\/2020\/02\/solaris_7.jpg\" alt=\"\" title=\"solaris_7\"><\/a><\/figure><\/div><\/div><\/div><\/div><div class=\"vce vce-separator-container vce-separator--align-center vce-separator--style-solid\" id=\"el-24b028bd\" data-vce-do-apply=\"margin el-24b028bd\"><div class=\"vce-separator vce-separator--color-bfc0c1 vce-separator--width-60 vce-separator--thickness-1\" data-vce-do-apply=\"border padding background  el-24b028bd\"><\/div><\/div><\/div><\/div><\/div><\/div><\/div><\/div><div class=\"vce-row-container\"><div class=\"vce-row vce-row--col-gap-30 vce-row-columns--top vce-row-content--top\" id=\"el-8b79b37d\" data-vce-do-apply=\"all el-8b79b37d\"><div class=\"vce-row-content\" data-vce-element-content=\"true\"><div class=\"vce-col vce-col--md-auto vce-col--xs-1 vce-col--xs-last vce-col--xs-first vce-col--sm-last vce-col--sm-first vce-col--md-last vce-col--lg-last vce-col--xl-last vce-col--md-first vce-col--lg-first vce-col--xl-first\" id=\"el-3cf6b120\"><div class=\"vce-col-inner\" data-vce-do-apply=\"border margin background  el-3cf6b120\"><div class=\"vce-col-content\" data-vce-element-content=\"true\" data-vce-do-apply=\"padding el-3cf6b120\"><div class=\"vce-text-block\"><div class=\"vce-text-block-wrapper vce\" id=\"el-14550623\" data-vce-do-apply=\"all el-14550623\"><p class=\"p1\"><span style=\"font-family: arial, helvetica, sans-serif; font-size: 12pt;\">&nbsp;<span class=\"s1\">Le duo-show \u00abs 0 l a r 1 s\u00bb se propose d\u2019\u00eatre le lieu d\u2019une rencontre entre les artistes Kevin Barois et Vincent Sarda, invit\u00e9s ici pour de possibles affinit\u00e9s li\u00e9es au repli de l\u2019espace entre la mati\u00e8re et l\u2019image.<\/span><\/span><\/p>\n<p class=\"p1\"><span class=\"s1\" style=\"font-family: arial, helvetica, sans-serif; font-size: 12pt;\">Les pi\u00e8ces en volume de Kevin Barois jouent sur le prime abord en se pr\u00e9sentant comme des copies qui s\u2019av\u00e8rent \u00eatre des objets in\u00e9dits. Ceux-ci tendent en effet \u00e0 s\u2019approcher de l\u2019 imagerie de synth\u00e8se en formulant de mani\u00e8re \u00abconcrete\u00bb des \u00absingularit\u00e9s\u00bb et autres ph\u00e9nom\u00e8nes sid\u00e9raux\/ants sous la forme d\u2019objets pourtant ancr\u00e9s\/extraits d\u2019un monde rural et naturel.<\/span><\/p>\n<p class=\"p1\"><span class=\"s1\" style=\"font-family: arial, helvetica, sans-serif; font-size: 12pt;\">Y effectuant r\u00e9guli\u00e8rement des allers-retours, il participe aux t\u00e2ches courantes et saisonni\u00e8res, fendre le bois, entretenir les cl\u00f4tures, autant d\u2019activit\u00e9s dont d\u00e9coulent ses gestes, base d\u2019un travail d\u00e9velopp\u00e9 \u00ab\u00e0 m\u00eame\u00bb cet environnement-territoire, qu\u2019il parcourt et exploite, emportant au fur et \u00e0 mesure de ses s\u00e9jours \u00abB\u00fbches\u00bb, \u00abPiquets\u00bb, \u00abTaupini\u00e8res\u00bb, \u00abSouches\u00bb, cartes, photographies, contacts, empreintes, transferts et autres impressions subtiles telles qu\u2019expos\u00e9es ici.<\/span><\/p>\n<p class=\"p1\"><span class=\"s1\" style=\"font-family: arial, helvetica, sans-serif; font-size: 12pt;\">Fruit d\u2019une pens\u00e9e et d\u2019une pratique des choses li\u00e9es logiquement et avec simplicit\u00e9, le travail de Kevin Barois est dot\u00e9 d\u2019une solidit\u00e9 tranquille, raison pour laquelle il aurait eu sa place dans une exposition telle que \u00abWhen Attitudes Become Form\u00bb.<\/span><\/p>\n<p class=\"p1\"><span class=\"s1\" style=\"font-family: arial, helvetica, sans-serif; font-size: 12pt;\">Les tableaux de Vincent Sarda se d\u00e9veloppent dans la r\u00e9currence d\u2019une colorim\u00e9trie et de motifs, revenants-r\u00e9manants au fil du temps. D\u2019une certaine mani\u00e8re, il r\u00e9alise ses \u0153uvres comme un sculpteur, en combinant les techniques et outils, par taille, adouci, ajout, retrait de mati\u00e8re, en jouant avec les r\u00f4les attribu\u00e9s \u00e0 la ligne et au contour, \u00e0 la trace et la touche, au motif et la figure, au vide et au plein, qui viennent se creuser, se mordre, se d\u00e9poser, se recouvrir jusqu\u2019au point de fusion.<\/span><\/p>\n<p class=\"p1\"><span class=\"s1\" style=\"font-family: arial, helvetica, sans-serif; font-size: 12pt;\">Un ensemble langagier de gestes-figures faisant informations entrem\u00eal\u00e9es dans une mati\u00e8re visuelle qui tord figure et fond au profit d\u2019une \u00e9mission \u00e0 la consistance sophistiqu\u00e9e. Des compositions pass\u00e9es-pr\u00e9sentes qui se d\u00e9ploient de tableau en tableau jusqu\u2019\u00e0 progressivement constituer une sorte de \u00abdimension perpendiculaire\u00bb qui serait visible au travers de fen\u00eatres.<\/span><\/p>\n<p class=\"p1\"><span class=\"s1\" style=\"font-family: arial, helvetica, sans-serif; font-size: 12pt;\">Un traitement du mouvant qui se formule de mani\u00e8re troublante dans les peintures-images de Vincent Sarda, qui sous leur apparence fig\u00e9e continuent \u00e0 se produire en elles-m\u00eames, \u00e0 la fois silencieuses et absorbantes.<\/span><\/p>\n<p class=\"p1\"><span class=\"s1\" style=\"font-family: arial, helvetica, sans-serif; font-size: 12pt;\">Kevin Barois et Vincent Sarda cr\u00e9ent des objets visuels - \u00e0 priori familiers en tant que \"tableaux\" ou \"piquets\" - qui viennent r\u00e9sister au regard et r\u00e9activer la question de la rencontre entre un observateur sensible et une \u0153uvre intelligible au travers de la possibilit\u00e9 d\u2019un paysage.<\/span><\/p>\n<p class=\"p1\"><span class=\"s1\" style=\"font-family: arial, helvetica, sans-serif; font-size: 12pt;\">Marc Henri Garcia pour 5UN7<\/span><\/p>\n<p class=\"p4\"><span class=\"s2\" style=\"font-family: arial, helvetica, sans-serif; font-size: 12pt;\"><a href=\"http:\/\/kevinbarois.com\/\" target=\"_blank\" rel=\"noopener noreferrer\">http:\/\/kevinbarois.com<\/a><\/span><\/p>\n<p class=\"p4\"><span class=\"s2\" style=\"font-family: arial, helvetica, sans-serif; font-size: 12pt;\"><a href=\"https:\/\/vincentsarda.com\/\" target=\"_blank\" rel=\"noopener noreferrer\">https:\/\/vincentsarda.com<\/a><\/span><\/p><\/div><\/div><\/div><\/div><\/div><\/div><\/div><\/div>\n","protected":false},"excerpt":{"rendered":"<p>S 0 L A R 1 S &#8211; Kevin Barois \/ Vincent Sarda &#8211; 05.04.19 \/ 05.05.19 &nbsp;&nbsp;Le duo-show \u00abs 0 l a r 1 s\u00bb se propose&#8230;<\/p>\n","protected":false},"author":1,"featured_media":0,"parent":0,"menu_order":0,"comment_status":"closed","ping_status":"closed","template":"","meta":{"footnotes":""},"class_list":["post-226","page","type-page","status-publish","hentry"],"_links":{"self":[{"href":"https:\/\/5un7.fr\/index.php\/wp-json\/wp\/v2\/pages\/226","targetHints":{"allow":["GET"]}}],"collection":[{"href":"https:\/\/5un7.fr\/index.php\/wp-json\/wp\/v2\/pages"}],"about":[{"href":"https:\/\/5un7.fr\/index.php\/wp-json\/wp\/v2\/types\/page"}],"author":[{"embeddable":true,"href":"https:\/\/5un7.fr\/index.php\/wp-json\/wp\/v2\/users\/1"}],"replies":[{"embeddable":true,"href":"https:\/\/5un7.fr\/index.php\/wp-json\/wp\/v2\/comments?post=226"}],"version-history":[{"count":10,"href":"https:\/\/5un7.fr\/index.php\/wp-json\/wp\/v2\/pages\/226\/revisions"}],"predecessor-version":[{"id":1152,"href":"https:\/\/5un7.fr\/index.php\/wp-json\/wp\/v2\/pages\/226\/revisions\/1152"}],"wp:attachment":[{"href":"https:\/\/5un7.fr\/index.php\/wp-json\/wp\/v2\/media?parent=226"}],"curies":[{"name":"wp","href":"https:\/\/api.w.org\/{rel}","templated":true}]}}